 73 + -27. Suppose -2*t + v = -4. List the prime factors of t.
5
Let o(p) = -p**3 - p**2 + p. What are the prime factors of o(-3)?
3, 5
Let m(u) = u**3 - u + 2. Let h be m(0). Suppose 3*r - 10 = -r + 2*k, -r - h*k = -10. List the prime factors of r.
2
Let m(u) = u**3 - 5*u**2 + 3*u - 7. List the prime factors of m(5).
2
Suppose -2*t + w + 4 = -w, -4*w = 0. Let v = 3 - t. List the prime factors of (-3)/(-2*v - -1).
3
Let t(a) = -a**2 + 3*a + 4. Let q be t(3). Suppose q*b = 3*b + 19. Let w = -9 + b. List the prime factors of w.
2, 5
Suppose -w - k + 2*k = -33, -2*w = 5*k - 101. List the prime factors of w.
2, 19
Let t be 0 + 3 + 2/(-1). Let k(u) = 20*u**3 + u**2. List the prime factors of k(t).
3, 7
Suppose -120 = -9*x + 4*x. Suppose -x = -5*p + 2*p. What are the prime factors of p?
2
Let f = 8 + -7. Suppose -2 = -y - f. Suppose -y = -2*a + 37. What are the prime factors of a?
19
Suppose 23 = 4*b - 45. List the prime factors of b.
17
Let s(g) = -g**2 - 15*g - 6. What are the prime factors of s(-7)?
2, 5
Suppose -2*k - 2*v = -3*k + 11, -4*k = 3*v. Suppose 2*c + k*c - 10 = 0. Suppose x - 3*l = -2*l + c, -5*x = 3*l - 10. List the prime factors of x.
2
Let h(a) be the second derivative of a**5/20 - a**4/3 - 5*a**3/6 - a**2 + 2*a. Let u be h(5). What are the prime factors of u/(-1 - (-14)/18)?
3
Suppose 0 = -5*t + 176 + 39. List the prime factors of t.
43
Let q be (-22)/(-4) + 2/(-4). Suppose 0 = j - q*n + 13, -3*n - 1 = -9*j + 4*j. List the prime factors of j/(-7) - 60/(-14).
2
Suppose 6*z - 32 = 5*z - 5*c, 5*c = -5. List the prime factors of z.
37
Suppose 0 = 5*j + 25, 22 = -r - j + 327. What are the prime factors of r/40 + (-2)/(-8)?
2
Let d(r) = r + 2. Let h be d(-4). Let k = h - -4. What are the prime factors of k + 0 + (-6)/(-3)?
2
Let b = 23 - 14. What are the prime factors of b?
3
Suppose -5*r + 49 = -56. Suppose 0*c - r = -2*f - c, 4*f - 44 = -4*c. Suppose 0 = 4*u - 2*o - f - 2, 22 = 5*u + o. What are the prime factors of u?
2
Let o(u) = -9*u**2 + u + 1. Let r be o(-1). What are the prime factors of -1 + r/(3/(-1))?
2
Suppose 3*k - 233 = -w, -w = 3*k - 4*w - 225. Let p = k + -23. List the prime factors of p.
2, 3
Suppose -2*p + 7 = 5*i - 28, -15 = -2*i - p. Suppose 5 = i*t - 10. List the prime factors of t.
3
Suppose -2*y = y. Suppose 0 = -4*j + 4*l + 20, -3*l + 0 - 13 = -2*j. Suppose 31 = 3*k - q, -j*k = -y*k + 4*q - 44. What are the prime factors of k?
2, 3
Let i be ((-5)/2)/((-3)/6). Let m = i + 5. List the prime factors of m.
2, 5
Suppose 60 = 2*j - 6. List the prime factors of j.
3, 11
Let v(g) = 1 + g**2 + g + 2*g + 0*g. Let t be 1/(-3)*(4 + 11). What are the prime factors of v(t)?
11
Suppose 3*c - l + 13 = 47, -3*c - 3*l = -42. What are the prime factors of c?
2, 3
Suppose -84 = -z + 5*u, 0*z - 4*z + 298 = -u. List the prime factors of z.
2, 37
Let s(g) = 2*g - 10. Let f = 38 + -21. Let q = -9 + f. What are the prime factors of s(q)?
2, 3
Suppose -3*n + 150 = 2*n. List the prime factors of n.
2, 3, 5
List the prime factors of 21/15*26 + (-6)/(-10).
37
Suppose -3*z = -l + 54, 246 = 2*l + 2*l - 2*z. Suppose 0 = -3*s + l + 15. List the prime factors of s.
2, 13
Let b be (-2)/(-4)*-2 + 26. Suppose -t = 4*m + 14 - 41, 0 = -5*m + b. Suppose -3*j - 42 + t = -5*d, -5*d + 35 = -5*j. What are the prime factors of d?
7
Let y(r) = r**3 - 6*r**2 - 8*r + 7. Let n be y(8). Suppose 0 = -3*i + 221 - n. Suppose 20 = 5*w - i. What are the prime factors of w?
2, 7
Let b = 3 + -1. Suppose 0 = -l - 0 + b. Let w(k) = 3*k - 3. List the prime factors of w(l).
3
Suppose 0 = 5*h - 5*n - 35, -2*n = -5*h + 16 + 19. List the prime factors of h.
7
Suppose 0 = -4*v + 3*q + 52, q - 33 = -5*v + 32. List the prime factors of v.
13
Let p = 16 + -28. Let u(l) = -l**2 - 14*l - 5. List the prime factors of u(p).
19
What are the prime factors of ((-27)/18)/((-3)/212)?
2, 53
Suppose 0 = -2*a + 2*i + 676, -a + 4*a = -3*i + 1008. List the prime factors of a.
337
List the prime factors of ((-4)/(-8))/((-1)/(-134)).
67
Suppose -x = 2*x. Let q(h) = h + 10. What are the prime factors of q(x)?
2, 5
Suppose -204 = 37*m - 41*m. What are the prime factors of m?
3, 17
Let a(q) = 3*q + q**2 - 7*q + 6*q - 3. Let n be a(-4). Suppose 0 = -2*m - 3*c - 4, -2*c + 7 = 5*m - n. What are the prime factors of m?
2
Suppose -c = 4*c. Suppose 3*r = 3*u + 4*r, c = 5*u - 3*r - 14. List the prime factors of 3 + -2 + u - -9.
11
Let s = 19 + 8. Suppose 0 = 3*t + s + 3. List the prime factors of (-4)/t + (-106)/(-10).
11
Let k = 5 + 26. List the prime factors of k.
31
Let p = 9 - 4. Suppose 19 = 2*t + 5*g, 2*g + 0*g = 10. Let z = t + p. What are the prime factors of z?
2
Suppose 5*n - 11 = g, -5 = -5*n + 2*g - 7*g. Suppose -18 = -2*m - n*p, -3*p - 2*p = m - 29. Suppose -9 = l - m*l. What are the prime factors of l?
3
Suppose -3*f = -6*f + 69. What are the prime factors of f?
23
Let d be (-9)/(17/10 + -2). Suppose 2*f = 7*f - d. List the prime factors of f.
2, 3
Suppose 0 = 4*s + 2*m - 14, 5*m - 16 = -5*s - 6. Suppose 2*p = -s*v + 185, 2*p + 110 = 2*v + 36. List the prime factors of v.
37
Suppose 3*m + 0*m - 3 = 0. Let z(o) = -12*o. Let u be z(m). What are the prime factors of (-68)/u - (-2)/6?
2, 3
Let m(f) = f**2 - 14*f + 17. Let l be m(13). Let a = 35 + l. List the prime factors of a.
3, 13
Let c be 4/8 + (-6)/(-4). Suppose 2 = -c*o, 0 = -4*k + 2*o - 5*o + 49. List the prime factors of k.
13
Suppose -j + 70 = 4*j. List the prime factors of j.
2, 7
Let d(x) = -8*x. List the prime factors of d(-5).
2, 5
Let j = 4 + -2. Suppose -j*i = i. Let q = 3 - i. List the prime factors of q.
3
Suppose -b = -5 + 10. Let j = -3 - b. List the prime factors of 2*((-7)/(-2) - j).
3
Let r(w) = -w**2 - w + 13. Let y = -4 + 4. What are the prime factors of r(y)?
13
What are the prime factors of 24 + (1 - (-1 + -1))?
3
Let h(u) = 3*u + u + 0*u - 2*u. What are the prime factors of h(2)?
2
Let g = 28 + -10. Let m = 32 - g. Suppose 2*j - 4*k = 18, -j + 2*k + m = j. What are the prime factors of j?
5
List the prime factors of (1 - (-2146)/6) + 282/(-423).
2, 179
Let v(f) = f**2 - 3*f - 6. List the prime factors of v(-10).
2, 31
Let m = 74 + -46. Suppose 2*o - 13 = 2*d + 3*o, -2*o - 19 = 3*d. List the prime factors of (6/d)/((-4)/m).
2, 3
Suppose 4*s + 1 = -3*h + 5, -s + 3*h = -16. What are the prime factors of 30/(-9)*(-6)/s?
5
What are the prime factors of 36 - (4/(-1) - -3)?
37
Let t(u) = -u**2 + u + 5. Let w(v) = -1. Let y(o) = -2*t(o) - 9*w(o). List the prime factors of y(-1).
3
Let y be (-1 - -1)*(-2)/6. Suppose p = -y*p + 16. List the prime factors of p.
2
Let c = 88 - 29. List the prime factors of c.
59
Suppose -43 = 4*z + 1. Let q = -7 + 2. Let y = q - z. What are the prime factors of y?
2, 3
Let x(z) = z**3 + 7*z**2 + 2*z - 9. Let u be x(-7). Let s = 28 + u. List the prime factors of s.
5
What are the prime factors of 54/12 + 3/2 + -2?
2
Suppose 12*n - 317 = -89. What are the prime factors of n?
19
Suppose -5*o + 18 = 3. Suppose -4*i + 138 = t, 8*t = -5*i + o*t + 165. Suppose 0 = 6*n - n - i. What are the prime factors of n?
7
Suppose -d + 5*x = -383, -7*d - 5*x = -10*d + 1179. List the prime factors of d.
2, 199
Suppose -3*t + t - 12 = 0. List the prime factors of -6 - t - (-26 - 2).
2, 7
Let o(l) be the third derivative of -l**6/120 - l**5/30 - l**3/3 - 3*l**2. What are the prime factors of o(-3)?
7
Suppose -18 = 4*u + 3*v, 3*u = -2*u - v - 28. List the prime factors of (2/u)/1*-27.
3
Suppose -2*v - 2*d = 2*d + 24, 0 = -5*v + 4*d + 10. Let m = v + 6. Let r = m - -2. What are the prime factors of r?
2, 3
Let m(r) = 5*r - 7. Let q(f) = 4*f - 7. Let i(p) = 5*m(p) - 6*q(p). Let u be i(-5). Suppose -2*v = u*v - 52. What are the prime factors of v?
13
Let l = 16 - 10. Let o(i) = -i**2 - 9*i - 9. Let y be o(-7). List the prime factors of l/15 - (-38)/y.
2
Let t(h) = 3*h**2 + 12*h - 1. Let l be t(-4). Let c(m) = -3*m + 3. Let f be c(-6). Let x = l + f. List the prime factors of x.
2, 5
Let d(m) = -5*m + 3. Suppose 8*a = u + 4*a - 5, -2*u + 10 = 3*a. Let y be d(u). Let k = y + 35. List the prime factors of k.
13
Let g(j) = 4*j**2 - j**2 - 2*j - 1 - 1. Suppose 8 = -h + 5*h. What are the prime factors of g(h)?
2, 3
Suppose 0 = u - 3*h + 4*h - 3, 0 = 5*u + 3*h - 21. Suppose -q - 20 = -u*q. What are the prime factors of q?
2
L